{"id":62,"date":"2012-11-05T13:39:19","date_gmt":"2012-11-05T12:39:19","guid":{"rendered":"https:\/\/2013.bologna.wordcamp.org\/?page_id=62"},"modified":"2012-12-27T01:30:56","modified_gmt":"2012-12-27T00:30:56","slug":"sponsors","status":"publish","type":"page","link":"https:\/\/bologna.wordcamp.org\/2013\/sponsors\/","title":{"rendered":"Sponsors"},"content":{"rendered":"<p>Sostieni il WordCamp 2013 a Bologna e diventa anche tu nostro sponsor! (<a href=\"https:\/\/2013.bologna.wordcamp.org\/call-for-sponsors\/\" rel=\"nofollow\">Call for sponsors<\/a>)<\/p>\n\n\t\t<div class=\"sponsors\">\n\t\t\t\t\t\t\t\n\t\t\t\t<div class=\"sponsor-level platinum\">\n\t\t\t\t\t<h2 class=\"sponsor-level-title\">\n\t\t\t\t\t\tPlatinum\t\t\t\t\t<\/h2>\n\n\t\t\t\t\t\n\t\t\t\t\t<div id=\"post-289\" class=\"sponsor post-289 wcb_sponsor type-wcb_sponsor status-publish has-post-thumbnail hentry wcb_sponsor_level-platinum\" >\n\t\t\t\t\t\t<h3 class=\"entry-title sponsor-title\">\n\t\t\t\t\t\t\t<a href=\"https:\/\/bologna.wordcamp.org\/2013\/sponsor\/webperte\/\">\n\t\t\t\t\t\t\t\t<img loading=\"lazy\" decoding=\"async\" width=\"200\" height=\"80\" src=\"https:\/\/bologna.wordcamp.org\/2013\/files\/2012\/12\/webperte.jpg\" class=\"attachment-post-thumbnail size-post-thumbnail wp-post-image\" alt=\"\" \/>\t\t\t\t\t\t\t<\/a>\n\t\t\t\t\t\t<\/h3>\n\n\t\t\t\t\t\t<div class=\"entry-content sponsor-description\">\n\t\t\t\t\t\t\t<p><strong><a href=\"http:\/\/www.webperte.com\/\" rel=\"nofollow\">www.webperte.com<\/a><\/strong><\/p>\n<p>Il marchio <a href=\"http:\/\/www.webperte.com\/\" rel=\"nofollow\">www.webperte.com<\/a> \u00e8 da tempo presente in Internet con una fascia di servizi e prodotti forniti ad un prezzo assolutamente competitivo, accessibile a tutti ed erogati con elevati standard di qualit\u00e0. Sono ormai molte migliaia i Clienti che utilizzano con soddisfazione i suoi servizi e prodotti, con la consapevolezza che possono trovare sempre un interlocutore attento e pronto a risolvere i loro problemi.<br \/>\nDietro a questo marchio c&#8217;\u00e8 una grande realt\u00e0, <a href=\"http:\/\/www.aziendeitalia.com\/\" rel=\"nofollow\">Aziende Italia S.r.l.<\/a>, entrata nel mondo di Internet sin dal 1999.<br \/>\nWebPerTe ha sviluppato un servizio specifico e ottimizzato per WordPress che ne consente l&#8217;installazione e la configurazione in 1 Click.<br \/>\nMaggiori dettagli su <a href=\"http:\/\/www.webperte.com\/cms-wordpress-hosting.html\" rel=\"nofollow\">cliccando qui<\/a>.<\/p>\n\t\t\t\t\t\t<\/div>\n\t\t\t\t\t<\/div>\n\n\t\t\t\t\t\n\t\t\t\t<\/div>\n\t\t\t\t\t\t\t\n\t\t\t\t<div class=\"sponsor-level gold\">\n\t\t\t\t\t<h2 class=\"sponsor-level-title\">\n\t\t\t\t\t\tGold\t\t\t\t\t<\/h2>\n\n\t\t\t\t\t\n\t\t\t\t\t<div id=\"post-546\" class=\"sponsor post-546 wcb_sponsor type-wcb_sponsor status-publish has-post-thumbnail hentry wcb_sponsor_level-gold\" >\n\t\t\t\t\t\t<h3 class=\"entry-title sponsor-title\">\n\t\t\t\t\t\t\t<a href=\"https:\/\/bologna.wordcamp.org\/2013\/sponsor\/code-poet\/\">\n\t\t\t\t\t\t\t\t<img loading=\"lazy\" decoding=\"async\" width=\"200\" height=\"80\" src=\"https:\/\/bologna.wordcamp.org\/2013\/files\/2012\/12\/codepoet.jpg\" class=\"attachment-post-thumbnail size-post-thumbnail wp-post-image\" alt=\"Code Poet\" \/>\t\t\t\t\t\t\t<\/a>\n\t\t\t\t\t\t<\/h3>\n\n\t\t\t\t\t\t<div class=\"entry-content sponsor-description\">\n\t\t\t\t\t\t\t<p><strong><a href=\"http:\/\/build.codepoet.com\/\" rel=\"nofollow\">build.codepoet.com<\/a><\/strong><\/p>\n<p>If you use WordPress to build things for other people, we want to make your life easier. No matter whether you freelance on a solo basis, lead a small web shop, make plugins in a dark closet, or crack the whip at a large design firm, our aim is to become your go-to source of information and resources to help you expand your WordPress skills and know-how. To make you better at what you do. To make it easier to make your living and look great doing it.<br \/>\nYou\u2019re part of a tribe of WordPress designers and developers over 10,000 strong, spanning the entire globe. CodePoet.com aims to bring the working knowledge and real world strategies of those people into one place, for you tap into.<\/p>\n\t\t\t\t\t\t<\/div>\n\t\t\t\t\t<\/div>\n\n\t\t\t\t\t\n\t\t\t\t\t<div id=\"post-1746\" class=\"sponsor post-1746 wcb_sponsor type-wcb_sponsor status-publish has-post-thumbnail hentry wcb_sponsor_level-gold\" >\n\t\t\t\t\t\t<h3 class=\"entry-title sponsor-title\">\n\t\t\t\t\t\t\t<a href=\"https:\/\/bologna.wordcamp.org\/2013\/sponsor\/acantho\/\">\n\t\t\t\t\t\t\t\t<img loading=\"lazy\" decoding=\"async\" width=\"200\" height=\"80\" src=\"https:\/\/bologna.wordcamp.org\/2013\/files\/2013\/01\/acantho.jpg\" class=\"attachment-post-thumbnail size-post-thumbnail wp-post-image\" alt=\"Acantho\" \/>\t\t\t\t\t\t\t<\/a>\n\t\t\t\t\t\t<\/h3>\n\n\t\t\t\t\t\t<div class=\"entry-content sponsor-description\">\n\t\t\t\t\t\t\t<p><strong><a href=\"http:\/\/www.acantho.com\" rel=\"nofollow\">www.acantho.com<\/a><\/strong><\/p>\n<p>Acantho \u00e8 la societ\u00e0 di telecomunicazioni per l\u2019Emilia-Romagna che ha saputo seguire le continue evoluzioni del settore, sviluppando soluzioni all&#8217;avanguardia e connotandosi come partner tecnologico di riferimento per i propri Clienti.<br \/>\nLa possibilit\u00e0 di interagire in modo diretto con gli interlocutori e il senso di appartenenza all&#8217;ambiente in cui opera sono un valore aggiunto che il mercato percepisce come sinonimo di garanzia e affidabilit\u00e0.<br \/>\nCon un bacino di utenza di oltre 2 milioni di abitanti, \u00e8 una solida realt\u00e0 industriale in continua crescita ed espansione, che opera per offrire a clienti business e corporate soluzioni e progetti personalizzati e ad alto valore aggiunto nel settore della trasmissione dati, voce, video, sicurezza, Internet a banda larga e wireless.<br \/>\nProfessionisti specializzati seguono passo passo i clienti affiancandoli nel percorso d\u2019innovazione tecnologica e di crescita, con l\u2019obiettivo di soddisfare esigenze specifiche e assicurare alti livelli qualitativi di servizio.<\/p>\n<p>L\u2019assetto societario di Acantho si costituisce per il 79,92% dal Gruppo Hera, la multiutility italiana leader nel settore delle forniture energetiche, idriche e ambientali; per il 18,87% da CON.AMI, azienda che gestisce il patrimonio consortile di 23 Comuni nelle Province di Bologna, Ravenna e Firenze; per l\u20191,21% da Gruppo AIMAG, che fornisce servizi nel settore energetico, idrico, ambientale e tecnologico.<\/p>\n<p>Acantho offre servizi integrati a banda larga attraverso una propria rete in fibra ottica diffusa capillarmente in tutta la regione. L\u2019infrastruttura di rete \u00e8 realizzata nel pieno rispetto delle norme disciplinari in osservanza dei vincoli ambientali.<br \/>\nLe soluzioni tecnologiche rispondono e anticipano le esigenze di aziende che devono gestire una grande quantit\u00e0 di informazioni, attraverso applicazioni multimediali fruibili ad alta velocit\u00e0.<br \/>\nL\u2019assistenza e il supporto dei professionisti Acantho e un\u2019offerta di servizio dall&#8217;alto contenuto tecnologico assicurano la soddisfazione dei clienti in tempi brevissimi.<\/p>\n<p>Le soluzioni tecnologiche:<\/p>\n<ul>\n<li>CONNETTIVIT\u00c0: configurazioni di connessione &#8211; tramite fibra ottica, xDSL e Wireless &#8211; che creano intercomunicazione tra sistemi diversi per lo scambio di informazioni.<\/li>\n<li>INTERNET: connessione e accesso alla rete IP pubblica Acantho e a Internet.<\/li>\n<li>DATA CENTER: struttura tecnologicamente avanzata predisposta per ospitare server e apparati, capace di fornire la massima affidabilit\u00e0 e disponibilit\u00e0 di banda a tutti i servizi erogati.<\/li>\n<li>RETE PRIVATA VIRTUALE (VPN): rete logica privata riservata allo scambio di informazioni tra due o pi\u00f9 siti geograficamente distanti.<\/li>\n<li>VOCE: fornitura completa di progetti VoIP (Voce tramite Protocollo Internet) e IP Centrex (centralino virtuale). Abilitazione del centralino tradizionale all&#8217;utilizzo della rete per effettuare o ricevere chiamate.<\/li>\n<li>VIDEOCONFERENZA: comunicazione audio e video tra due o pi\u00f9 persone che si trovano in luoghi diversi e condividono simultaneamente documenti e immagini.<\/li>\n<li>VIDEOSORVEGLIANZA: progetti di sicurezza urbana e ambientale (prevenzione crimine, calamit\u00e0 naturali, controllo produzione) in cui vengono utilizzate tecnologie sia per il controllo di accessi\/eventi, sia per la registrazione di dati su file server.<\/li>\n<li>VIDEOSTREAMING: pubblicazione o registrazione di eventi (per visualizzazione on demand).<\/li>\n<li>SICUREZZA: Soluzioni per la protezione di dati e reti aziendali con strumenti flessibili per soddisfare diverse tipologie di requisiti.<\/li>\n<\/ul>\n\t\t\t\t\t\t<\/div>\n\t\t\t\t\t<\/div>\n\n\t\t\t\t\t\n\t\t\t\t<\/div>\n\t\t\t\t\t\t\t\t\t\t\t\n\t\t\t\t<div class=\"sponsor-level bronze\">\n\t\t\t\t\t<h2 class=\"sponsor-level-title\">\n\t\t\t\t\t\tBronze\t\t\t\t\t<\/h2>\n\n\t\t\t\t\t\n\t\t\t\t\t<div id=\"post-883\" class=\"sponsor post-883 wcb_sponsor type-wcb_sponsor status-publish has-post-thumbnail hentry wcb_sponsor_level-bronze\" >\n\t\t\t\t\t\t<h3 class=\"entry-title sponsor-title\">\n\t\t\t\t\t\t\t<a href=\"https:\/\/bologna.wordcamp.org\/2013\/sponsor\/ehiweb-it\/\">\n\t\t\t\t\t\t\t\t<img loading=\"lazy\" decoding=\"async\" width=\"200\" height=\"80\" src=\"https:\/\/bologna.wordcamp.org\/2013\/files\/2012\/12\/ehinet.jpg\" class=\"attachment-post-thumbnail size-post-thumbnail wp-post-image\" alt=\"\" \/>\t\t\t\t\t\t\t<\/a>\n\t\t\t\t\t\t<\/h3>\n\n\t\t\t\t\t\t<div class=\"entry-content sponsor-description\">\n\t\t\t\t\t\t\t<p><strong><a href=\"http:\/\/wordcamp.ehiweb.it\/spazioweb\/hosting_blog_wordpress.php\" rel=\"nofollow\">www.ehiweb.it<\/a><\/strong><\/p>\n<p>L&#8217;e-commerce Ehiweb \u00e8 on line dal 2004 e nel tempo ha guadagnato credibilit\u00e0 e attenzione sul mercato delle telecomunicazioni.<\/p>\n<p>La sfida iniziale non era solo commerciale ma anche etica: i giovani fondatori di Ehiweb volevano indicare una nuova direzione per la cultura imprenditoriale italiana, spesso considerata asfittica e immobile.<\/p>\n<p>L&#8217;esordio \u00e8 avvenuto senza contributi n\u00e9 finanziamenti pubblici o privati, senza prestiti n\u00e9 banche alle spalle: solo il lavoro, pulito e costante, ha generato un passaparola positivo che ha contribuito ad aumentare la popolarit\u00e0 del sito, portandolo a contare oltre 50.000 clienti serviti.<\/p>\n<p>Per dire la propria in un mercato affollato e caratterizzato da alcuni marchi molto noti, si \u00e8 deciso di puntare su caratteristiche diverse da quelle comuni ai grandi operatori. Quindi sono stati presi in esame i loro maggiori difetti e trasformati nei punti di forza di Ehiweb, che offre:<\/p>\n<p>&#8211; assistenza fornita da personale specializzato<br \/>\n&#8211; approccio concreto nel risolvere problemi<br \/>\n&#8211; riduzione della burocrazia<br \/>\n&#8211; ascolto e coinvolgimento dei clienti per migliorare<br \/>\n&#8211; personalizzazione dei servizi<br \/>\n&#8211; ricerca di nuovi stimoli da trasformare in progetti<br \/>\n&#8211; innovazione continua<\/p>\n<p>Ehiweb non si sceglie solo per la proposta commerciale, ma anche per provare un&#8217;alternativa e uno stile nuovo nella gestione dei rapporti cliente\/fornitore.<\/p>\n<p>Si sceglie Ehiweb per dare fiducia a un&#8217;azienda giovane, che pu\u00f2 diventare un modello per una nuova generazione di imprenditori.<\/p>\n\t\t\t\t\t\t<\/div>\n\t\t\t\t\t<\/div>\n\n\t\t\t\t\t\n\t\t\t\t\t<div id=\"post-886\" class=\"sponsor post-886 wcb_sponsor type-wcb_sponsor status-publish has-post-thumbnail hentry wcb_sponsor_level-bronze\" >\n\t\t\t\t\t\t<h3 class=\"entry-title sponsor-title\">\n\t\t\t\t\t\t\t<a href=\"https:\/\/bologna.wordcamp.org\/2013\/sponsor\/touchwindow\/\">\n\t\t\t\t\t\t\t\t<img loading=\"lazy\" decoding=\"async\" width=\"200\" height=\"80\" src=\"https:\/\/bologna.wordcamp.org\/2013\/files\/2012\/12\/touchwindow.jpg\" class=\"attachment-post-thumbnail size-post-thumbnail wp-post-image\" alt=\"\" \/>\t\t\t\t\t\t\t<\/a>\n\t\t\t\t\t\t<\/h3>\n\n\t\t\t\t\t\t<div class=\"entry-content sponsor-description\">\n\t\t\t\t\t\t\t<p><strong><a href=\"http:\/\/www.touchwindow.it\" rel=\"nofollow\">www.touchwindow.it<\/a><\/strong><\/p>\n<p>Touchwindow \u00e8 leader nella creazione di esperienze interattive.<\/p>\n<p>I nostri prodotti e i nostri servizi sono gli strumenti per stupire, coinvolgere ed emozionare.<br \/>\nLe nostre applicazioni e i nostri prodotti multitouch sono soluzioni uniche, modulari e customizzabili, uniscono la nostra competenza nel settore hardware e software con le soluzioni tecnologiche pi\u00f9 avanzate per creare prodotti unici, installazioni coinvolgenti e esperienze visive indimenticabili.<\/p>\n<p>Touchwindow \u00e8 partner delle pi\u00f9 importanti Aziende per la produzione di hardware, collabora con Imprese leader del settore e Universit\u00e0 nella ricerca e nello sviluppo di prodotti e soluzioni innovativi, ha Clienti in diversi settori tra cui museale, abbigliamento, bancario, telecomunicazioni e amministrazioni pubbliche.<\/p>\n<p><strong>La nostra Visione<\/strong><br \/>\nPortare la tecnologia in una dimensione emozionante per coinvolgere il pubblico e trasportarlo in uno spazio di innovazione.<\/p>\n<p><strong>La nostra Mission<\/strong><br \/>\nAiutare le Aziende a realizzare il proprio sogno per soddisfare i desideri dei consumatori e far vivere ai Clienti delle esperienze memorabili.<\/p>\n<p><strong>Il nostro Impegno<\/strong><br \/>\nCreativit\u00e0, professionalit\u00e0 e competenza per rispondere alle esigenze, agli obiettivi e alle aspirazioni dei nostri Clienti.<br \/>\nTouchwindow \u00e8 specializzata nella creazione di soluzioni personalizzate interattive.<\/p>\n<p><strong>Consulenza<\/strong><br \/>\nTouchwindow fornisce consulenza specialistica per la creazione di percorsi ed esperienze interattive. Il nostro team di esperti affianca il Cliente nella realizzazione della sua idea dall&#8217;ideazione del progetto comunicativo al design, dalla progettazione alla realizzazione tecnica.<\/p>\n<p><strong>Applicazioni<\/strong><br \/>\nIl campo di applicazione dei prodotti e software sviluppati varia dal settore pubblico in ambito turistico o museale, ai settori privati come telecomunicazioni, broadcasting, abbigliamento, bancario, ecc&#8230;<\/p>\n<p><strong>Prodotti<\/strong><br \/>\nIl reparto di sviluppo e la collaborazione con centri di ricerca consente di fornire prodotti e soluzioni tecnologicamente avanzati. Le nuove soluzioni vengono studiate e ottimizzate per offrire le migliori performance tecnologiche e di design.<\/p>\n<p><strong>Servizi<\/strong><br \/>\nTouchwindow trasforma le idee in progetti reali.<br \/>\nL&#8217;esperienza nella costruzione hardware e nello sviluppo software consentono di offrire infinite possibilit\u00e0 tecniche e realizzative. Il team di esperti Touchwindow \u00e8 costantemente aggiornato in modo da garantire una consulenza attenta e mirata.<\/p>\n<p><strong>Software<\/strong><br \/>\nTouchwindow elabora software e contenuti per offrire soluzioni complete e personalizzate per i propri Clienti. Lo staff di programmatori sviluppa applicazioni multi touch completamente customizzabili da parte dei Clienti e sistemi software creati su specifiche esigenze.<\/p>\n<p><strong>Installazione e Assistenza<\/strong><br \/>\nTouchwindow offre un sevizio completo per le Vostre realizzazioni. Il team di ingegneri ed installatori fornisce soluzioni complete: consulenza, design, progettazione, installazione assistenza e supporto.<\/p>\n\t\t\t\t\t\t<\/div>\n\t\t\t\t\t<\/div>\n\n\t\t\t\t\t\n\t\t\t\t\t<div id=\"post-1323\" class=\"sponsor post-1323 wcb_sponsor type-wcb_sponsor status-publish has-post-thumbnail hentry wcb_sponsor_level-bronze\" >\n\t\t\t\t\t\t<h3 class=\"entry-title sponsor-title\">\n\t\t\t\t\t\t\t<a href=\"https:\/\/bologna.wordcamp.org\/2013\/sponsor\/woothemes\/\">\n\t\t\t\t\t\t\t\t<img loading=\"lazy\" decoding=\"async\" width=\"200\" height=\"80\" src=\"https:\/\/bologna.wordcamp.org\/2013\/files\/2012\/12\/woothemes.jpg\" class=\"attachment-post-thumbnail size-post-thumbnail wp-post-image\" alt=\"\" \/>\t\t\t\t\t\t\t<\/a>\n\t\t\t\t\t\t<\/h3>\n\n\t\t\t\t\t\t<div class=\"entry-content sponsor-description\">\n\t\t\t\t\t\t\t<p><strong><a href=\"http:\/\/www.woothemes.com\/\" rel=\"nofollow\">www.woothemes.com<\/a><\/strong><\/p>\n<p>WooThemes is an international, market leading, bootstrapped business providing a platform to extend standard WordPress-powered websites via a range of innovative themes and plugins. With WooThemes businesses and individuals can get professional WordPress sites launched quickly and affordably.<\/p>\n<p>What started in 2008 as 3 WordPress enthusiasts who met online, from 3 different countries, is now an international team of designers, developers and support ninjas catering for a passionate community of hundreds of thousands of users.<\/p>\n<p>From humble beginnings selling a handful of commercial WordPress themes WooThemes now offers a huge catalog of feature rich themes, and a suite of plugins that extend your WordPress experience. Proudly bootstrapped and built around the team\u2019s diverse lifestyles they have big ambitions to become the ultimate WordPress platform provider.<\/p>\n\t\t\t\t\t\t<\/div>\n\t\t\t\t\t<\/div>\n\n\t\t\t\t\t\n\t\t\t\t<\/div>\n\t\t\t\t\t\t\t\n\t\t\t\t<div class=\"sponsor-level mediapartner\">\n\t\t\t\t\t<h2 class=\"sponsor-level-title\">\n\t\t\t\t\t\tMediaPartner\t\t\t\t\t<\/h2>\n\n\t\t\t\t\t\n\t\t\t\t\t<div id=\"post-1753\" class=\"sponsor post-1753 wcb_sponsor type-wcb_sponsor status-publish has-post-thumbnail hentry wcb_sponsor_level-mediapartner\" >\n\t\t\t\t\t\t<h3 class=\"entry-title sponsor-title\">\n\t\t\t\t\t\t\t<a href=\"https:\/\/bologna.wordcamp.org\/2013\/sponsor\/altavista\/\">\n\t\t\t\t\t\t\t\t<img loading=\"lazy\" decoding=\"async\" width=\"200\" height=\"80\" src=\"https:\/\/bologna.wordcamp.org\/2013\/files\/2013\/01\/altavista.jpg\" class=\"attachment-post-thumbnail size-post-thumbnail wp-post-image\" alt=\"\" \/>\t\t\t\t\t\t\t<\/a>\n\t\t\t\t\t\t<\/h3>\n\n\t\t\t\t\t\t<div class=\"entry-content sponsor-description\">\n\t\t\t\t\t\t\t<p><strong><a href=\"http:\/\/www.altavistacomunicazione.net\" rel=\"nofollow\">www.altavistacomunicazione.net<\/a><\/strong><\/p>\n<p>Altavista \u00e8 una Web Agency con sede a Firenze e Cagliari che opera dal 1998 nel campo del web e della comunicazione, investendo costantemente in ricerca e sviluppo.<\/p>\n<p>Il valore aggiunto di Altavista \u00e8 la capacit\u00e0 di comprendere quanto l&#8217;integrazione di competenze multidisciplinari rappresenti il fattore determinante per restare sempre al passo con le richieste del mercato.<\/p>\n<p>Per questo motivo si avvale di un team poliedrico e collabora attivamente con professionalit\u00e0 di alto livello nei differenti settori.<\/p>\n<p>L&#8217;innovazione tecnologica e il costante aggiornamento sono gli aspetti distintivi di un&#8217;azienda che ha saputo affermarsi come un punto di riferimento nel settore della comunicazione.<\/p>\n<p>Nel corso del tempo Altavista ha potuto lavorare al fianco di molteplici tipologie di clienti, acquisendo un ampio bagaglio di esperienze e competenze. <\/p>\n<p>In oltre venti anni di attivit\u00e0 si \u00e8 specializzata in servizi multimediali, realizzazione siti web, strategie di comunicazione e marketing, in particolare si occupa di effettuare riprese per convegni ed eventi, realizzando il montaggio e la post produzione dei filmati.<\/p>\n\t\t\t\t\t\t<\/div>\n\t\t\t\t\t<\/div>\n\n\t\t\t\t\t\n\t\t\t\t<\/div>\n\t\t\t\t\t<\/div>\n\n\t\t\n","protected":false},"excerpt":{"rendered":"<p>Sostieni il WordCamp 2013 a Bologna e diventa anche tu nostro sponsor! (Call for sponsors)<\/p>\n","protected":false},"author":9903403,"featured_media":0,"parent":0,"menu_order":0,"comment_status":"closed","ping_status":"closed","template":"","meta":{"_crdt_document":"","footnotes":""},"class_list":["post-62","page","type-page","status-publish","hentry"],"jetpack_sharing_enabled":true,"jetpack_shortlink":"https:\/\/wp.me\/PheWK7-10","_links":{"self":[{"href":"https:\/\/bologna.wordcamp.org\/2013\/wp-json\/wp\/v2\/pages\/62","targetHints":{"allow":["GET"]}}],"collection":[{"href":"https:\/\/bologna.wordcamp.org\/2013\/wp-json\/wp\/v2\/pages"}],"about":[{"href":"https:\/\/bologna.wordcamp.org\/2013\/wp-json\/wp\/v2\/types\/page"}],"author":[{"embeddable":true,"href":"https:\/\/bologna.wordcamp.org\/2013\/wp-json\/wp\/v2\/users\/9903403"}],"replies":[{"embeddable":true,"href":"https:\/\/bologna.wordcamp.org\/2013\/wp-json\/wp\/v2\/comments?post=62"}],"version-history":[{"count":7,"href":"https:\/\/bologna.wordcamp.org\/2013\/wp-json\/wp\/v2\/pages\/62\/revisions"}],"predecessor-version":[{"id":1326,"href":"https:\/\/bologna.wordcamp.org\/2013\/wp-json\/wp\/v2\/pages\/62\/revisions\/1326"}],"wp:attachment":[{"href":"https:\/\/bologna.wordcamp.org\/2013\/wp-json\/wp\/v2\/media?parent=62"}],"curies":[{"name":"wp","href":"https:\/\/api.w.org\/{rel}","templated":true}]}}